371 a prime number?
False
Is 38139 composite?
True
Is 2491 composite?
True
Is 295769 a prime number?
True
Is 41011 a prime number?
True
Is 48709 prime?
False
Is 9091 composite?
False
Is 870133 prime?
False
Is 399353 prime?
True
Is 90163 a prime number?
True
Is 8354 a composite number?
True
Is 495947 a prime number?
True
Is 119 a composite number?
True
Is 32311 composite?
True
Is 236549 prime?
True
Is 7897 a composite number?
True
Is 66301 a composite number?
False
Is 110723 a composite number?
True
Is 58649 a prime number?
False
Is 20401 composite?
True
Is 821147 a prime number?
True
Is 107405 a prime number?
False
Is 394241 a composite number?
False
Is 28151 composite?
False
Is 1354 a composite number?
True
Is 74065 a prime number?
False
Is 2939 a composite number?
False
Is 191657 a prime number?
True
Is 41161 a prime number?
True
Is 55569 a composite number?
True
Is 16078 a composite number?
True
Is 1688159 composite?
True
Is 38299 composite?
False
Is 2017 a prime number?
True
Is 4861 a composite number?
False
Is 44881 a prime number?
False
Is 84029 prime?
False
Is 2901581 a prime number?
False
Is 1099 a prime number?
False
Is 406115 a composite number?
True
Is 136193 a prime number?
True
Is 110977 composite?
False
Is 15187 a composite number?
False
Is 60773 a composite number?
False
Is 2603 a prime number?
False
Is 2106809 prime?
True
Is 254 a composite number?
True
Is 25499 a composite number?
True
Is 24439 a prime number?
True
Is 1649917 a prime number?
True
Is 1391183 a composite number?
False
Is 4111 a composite number?
False
Is 27989 composite?
True
Is 1273 a composite number?
True
Is 28909 composite?
False
Is 2605765 composite?
True
Is 20017 a prime number?
False
Is 54155 a prime number?
False
Is 55147 a composite number?
False
Is 2267 a prime number?
True
Is 35414 prime?
False
Is 16589 prime?
False
Is 96581 a composite number?
False
Is 17246 a prime number?
False
Is 161979 composite?
True
Is 1841 prime?
False
Is 6127 composite?
True
Is 57287 prime?
True
Is 194 a prime number?
False
Is 354049 prime?
False
Is 38677 a composite number?
False
Is 16649 prime?
True
Is 233911 composite?
False
Is 27361 a composite number?
False
Is 79157 a composite number?
True
Is 105577 a prime number?
False
Is 10513 prime?
True
Is 407947 a prime number?
True
Is 10247 a prime number?
True
Is 22189 a prime number?
True
Is 1590955 a composite number?
True
Is 155071 a composite number?
True
Is 25063 composite?
True
Is 220511 a composite number?
False
Is 12991 composite?
True
Is 37085 a composite number?
True
Is 19289 prime?
True
Is 210937 composite?
True
Is 157793 composite?
False
Is 78377 a prime number?
False
Is 8641 composite?
False
Is 258601 a composite number?
True
Is 313613 composite?
False
Is 5435647 prime?
False
Is 92623 a prime number?
True
Is 47569 prime?
True
Is 14921 a composite number?
True
Is 329941 a prime number?
True
Is 14281 prime?
True
Is 34669 composite?
True
Is 5623 prime?
True
Is 7411 prime?
True
Is 6421 a prime number?
True
Is 24263 composite?
True
Is 39079 composite?
False
Is 24673 a prime number?
False
Is 435221 composite?
False
Is 18961 composite?
True
Is 10219 prime?
False
Is 66733 a composite number?
False
Is 100261 prime?
False
Is 88063 prime?
False
Is 16381 composite?
False
Is 464479 prime?
True
Is 506553 a composite number?
True
Is 243907 a composite number?
True
Is 71191 composite?
False
Is 1764871 a prime number?
True
Is 8287 composite?
False
Is 7151 prime?
True
Is 18607 a prime number?
False
Is 22147 prime?
True
Is 59509 a composite number?
False
Is 7373 a composite number?
True
Is 202799 prime?
True
Is 140977 composite?
False
Is 2384015 composite?
True
Is 64007 composite?
False
Is 2999 prime?
True
Is 280739 composite?
True
Is 4771 a prime number?
False
Is 9533 composite?
False
Is 1273 composite?
True
Is 19319 a composite number?
False
Is 570217 prime?
True
Is 204707 composite?
False
Is 5189 a prime number?
True
Is 176189 prime?
False
Is 63949 composite?
False
Is 439 a composite number?
False
Is 65629 composite?
False
Is 11027 composite?
False
Is 1542347 a composite number?
False
Is 29789 a prime number?
True
Is 11287 prime?
True
Is 165437 composite?
False
Is 7499 prime?
True
Is 31687 a composite number?
False
Is 531289 composite?
True
Is 684055 a prime number?
False
Is 315395 composite?
True
Is 21823 composite?
True
Is 140363 a prime number?
True
Is 484714 prime?
False
Is 6841 a composite number?
False
Is 4677 prime?
False
Is 2413849 prime?
True
Is 6163 a composite number?
False
Is 522295 a composite number?
True
Is 24071 a prime number?
True
Is 1167 a prime number?
False
Is 762479 prime?
True
Is 14039 prime?
False
Is 1087 a composite number?
False
Is 74078 prime?
False
Is 666269 a prime number?
True
Is 75199 a composite number?
True
Is 100397 prime?
False
Is 47131 a prime number?
False
Is 338833 prime?
False
Is 384271 prime?
False
Is 62189 a composite number?
False
Is 63967 composite?
True
Is 33 a composite number?
True
Is 3153 a composite number?
True
Is 509579 a prime number?
False
Is 177139 prime?
False
Is 82633 prime?
True
Is 290843 a composite number?
True
Is 252635 composite?
True
Is 190027 a prime number?
True
Is 1471 a composite number?
False
Is 1439005 a composite number?
True
Is 22549 prime?
True
Is 46301 composite?
False
Is 552469 prime?
True
Is 328423 composite?
True
Is 137395 composite?
True
Is 20417 a prime number?
False
Is 41977 prime?
False
Is 79681 a composite number?
True
Is 22247 a composite number?
False
Is 49061 composite?
True
Is 1515289 prime?
False
Is 20353 prime?
True
Is 251 composite?
False
Is 202799 a prime number?
True
Is 10213 a composite number?
True
Is 34651 composite?
False
Is 709078 a prime number?
False
Is 599869 composite?
False
Is 6389 prime?
True
Is 419651 a composite number?
False
Is 1941659 composite?
False
Is 186061 composite?
True
Is 2203 a composite number?
False
Is 593995 prime?
False
Is 771299 prime?
True
Is 29987 prime?
False
Is 190261 a composite number?
False
Is 259 prime?
False
Is 15697 prime?
False
Is 603349 a prime number?
True
Is 60769 prime?
False
Is 1242523 composite?
True
Is 166013 prime?
True
Is 227453 a prime number?
True
Is 2179 prime?
True
Is 141539 composite?
False
Is 16373 composite?
True
Is 27503 a prime number?
False
Is 103067 composite?
False
Is 90177 a prime number?
False
Is 8499 prime?
False
Is 445339 a composite number?
False
Is 58983 a prime number?
False
Is 141289 prime?
False
Is 3683 a prime number?
False
Is 47191 a composite number?
True
Is 4861 a prime number?
True
Is 26339 composite?
False
Is 8843 a composite number?
True
Is 3491 a prime number?
True
Is 3967 a prime number?
True
Is 3593 composite?
False
Is 345979 composite?
False
Is 10097 a composite number?
True
Is 38039 a prime number?
True
Is 130243 prime?
False
Is 213551 prime?
False
Is 335843 a prime number?
True
Is 1739 a composite number?
True
Is 39707 composite?
True
Is 352491 prime?
False
Is 5407 a composite number?
False
Is 1274991 a composite number?
True
Is 938183 a prime number?
True
Is 242589 a prime number?
False
Is 1333393 composite?
False
Is 449 composite?
False
Is 101267 a prime number?
True
Is 3183 a prime number?
False
Is 18839 prime?
True
Is 4927 prime?
False
Is 885491 composite?
True
Is 335137 a composite number?
True
Is 2222853 a composite number?
True
Is 2475427 a composite number?
False
Is 27349 composite?
True
Is 1361 prime?
True
Is 1259 a prime number?
True
Is 481 prime?
False
Is 100027 prime?
False
Is 1177 prime?
False
Is 13963 prime?
True
Is 105437 a prime number?
True
Is 415733 prime?
False
Is 1333555 a prime number?
False
Is 113497 a prime number?
True
Is 15517 a prime number?
False
Is 26227 prime?
True
Is 107509 a composite number?
False
Is 3869 prime?
False
Is 16811 a composite number?
False
Is 16183 a prime number?
True
Is 186227 a composite number?
False
Is 107587 composite?
True
Is 433229 a prime number?
True
Is 958 composite?
True
Is 3457 prime?
True
Is 24967 composite?
False
Is 484235 a prime number?
False
Is 126533 composite?
True
Is 146117 a composite number?
False
Is 252257 a composite number?
True
Is 211411 a prime number?
False
Is 32603 composite?
False
Is 92585 composite?
True
Is 19811 a composite number?
True
Is 61837 prime?
True
Is 94339 a composite numb